the prime factors of 196026349.
491, 399239
What are the prime factors of 11336178?
2, 3, 7, 17, 15877
What are the prime factors of 49668947?
97, 479, 1069
What are the prime factors of 13124315?
5, 31, 84673
List the prime factors of 111589146.
2, 3, 23, 269539
What are the prime factors of 51294290?
2, 5, 61, 84089
What are the prime factors of 28886102?
2, 7, 2063293
List the prime factors of 968701862.
2, 484350931
What are the prime factors of 40281391?
40281391
List the prime factors of 33635250.
2, 3, 5, 11, 151
What are the prime factors of 317546645?
5, 13, 4885333
List the prime factors of 1964120296.
2, 17, 849533
List the prime factors of 4915223794.
2, 13, 487, 388187
What are the prime factors of 60161890?
2, 5, 53, 113513
List the prime factors of 3030526536.
2, 3, 47, 1201, 2237
List the prime factors of 493784696.
2, 293, 210659
What are the prime factors of 52389892?
2, 29, 451637
List the prime factors of 4294925516.
2, 7, 23, 37, 180247
List the prime factors of 100781885.
5, 53, 380309
What are the prime factors of 11377087?
11377087
List the prime factors of 36474094.
2, 18237047
List the prime factors of 256494189.
3, 7, 53, 230453
List the prime factors of 63701341.
11, 409, 14159
What are the prime factors of 287954046?
2, 3, 1831, 8737
What are the prime factors of 1034767201?
13, 79, 349, 2887
What are the prime factors of 30561620?
2, 5, 157, 9733
What are the prime factors of 1443854056?
2, 83, 2174479
List the prime factors of 57984826.
2, 28992413
What are the prime factors of 11493737?
773, 14869
List the prime factors of 66516807.
3, 7, 29, 239, 457
List the prime factors of 799079804.
2, 29, 6888619
List the prime factors of 852290472.
2, 3, 11, 3228373
What are the prime factors of 351346435?
5, 11, 853, 7489
What are the prime factors of 77865246?
2, 3, 1441949
List the prime factors of 4425648301.
17, 15629, 16657
What are the prime factors of 80927224?
2, 7, 206447
What are the prime factors of 185955079?
59, 3151781
What are the prime factors of 307907988?
2, 3, 1597, 16067
List the prime factors of 24839866.
2, 31, 400643
List the prime factors of 2159213839.
2159213839
What are the prime factors of 2674094269?
7, 11, 34728497
List the prime factors of 399149660.
2, 5, 7, 13, 219313
What are the prime factors of 127174240?
2, 5, 557, 1427
List the prime factors of 2560527798.
2, 3, 29, 37, 397721
List the prime factors of 32277492.
2, 3, 13, 17, 4057
What are the prime factors of 845034914?
2, 337, 1253761
What are the prime factors of 1157518533?
3, 385839511
What are the prime factors of 128817300?
2, 3, 5, 107, 4013
What are the prime factors of 801737776?
2, 7, 947, 7559
What are the prime factors of 278562818?
2, 67, 2078827
What are the prime factors of 632386598?
2, 47, 6727517
List the prime factors of 1487434776.
2, 3, 953, 65033
List the prime factors of 6141076544.
2, 23, 673, 6199
List the prime factors of 4481878740.
2, 3, 5, 74697979
List the prime factors of 56625874.
2, 163, 173699
List the prime factors of 3864765246.
2, 3, 644127541
List the prime factors of 15898188.
2, 3, 1324849
What are the prime factors of 2150504019?
3, 29, 71, 101, 383
List the prime factors of 48081715.
5, 11, 874213
List the prime factors of 6467461.
7, 11, 13, 71
List the prime factors of 463864960.
2, 5, 13, 127, 439
What are the prime factors of 2589286717?
71, 36468827
What are the prime factors of 107992334?
2, 1597, 33811
What are the prime factors of 1617533713?
29437, 54949
List the prime factors of 563266418.
2, 11, 13, 103, 19121
What are the prime factors of 1327172799?
3, 193, 2292181
What are the prime factors of 7745557712?
2, 317, 1527121
List the prime factors of 843815308.
2, 7, 19, 179, 8861
What are the prime factors of 629774015?
5, 13, 1753, 5527
List the prime factors of 5335614096.
2, 3, 111158627
What are the prime factors of 1060988391?
3, 211, 277, 2017
What are the prime factors of 113871670?
2, 5, 11, 1035197
List the prime factors of 12417269.
137, 233, 389
List the prime factors of 2227202561.
137, 16256953
List the prime factors of 44078225.
5, 43, 131, 313
What are the prime factors of 1553458445?
5, 7, 11, 4034957
List the prime factors of 1076718671.
7, 41, 59, 63587
List the prime factors of 30897864.
2, 3, 429137
What are the prime factors of 3498158?
2, 17, 137, 751
What are the prime factors of 42719869?
101, 422969
What are the prime factors of 3259119?
3, 1086373
What are the prime factors of 389739723?
3, 19, 379, 18041
What are the prime factors of 21638657?
449, 48193
What are the prime factors of 43267316?
2, 157, 68897
What are the prime factors of 203669418?
2, 3, 17, 1996759
What are the prime factors of 5835704?
2, 7, 14887
What are the prime factors of 261731410?
2, 5, 26173141
What are the prime factors of 144579900?
2, 3, 5, 17, 28349
What are the prime factors of 97678082?
2, 48839041
List the prime factors of 333419028.
2, 3, 17, 1634407
List the prime factors of 1068494002.
2, 6121, 87281
List the prime factors of 60327450.
2, 3, 5, 44687
List the prime factors of 52060882.
2, 26030441
What are the prime factors of 492140414?
2, 8761, 28087
What are the prime factors of 24840282?
2, 3, 4140047
What are the prime factors of 143210873?
13, 17, 563, 1151
List the prime factors of 77521238.
2, 38760619
What are the prime factors of 307987470?
2, 3, 5, 7, 17, 149, 193
What are the prime factors of 84117576?
2, 3, 37, 94727
List the prime factors of 4142267848.
2, 8573, 60397
What are the prime factors of 33716101?
33716101
List the prime factors of 6204636867.
3, 11, 13, 14463023
List the prime factors of 425569214.
2, 7, 769, 5647
What are the prime factors of 844961584?
2, 52810099
List the prime factors of 34646611.
34646611
List the prime factors of 98373695.
5, 7, 31, 71, 1277
List the prime factors of 651296617.
709, 918613
What are the prime factors of 344597987?
167, 2063461
List the prime factors of 9501214.
2, 661, 7187
What are the prime factors of 33308155?
5, 59, 112909
List the prime factors of 763588637.
7, 109084091
List the prime factors of 65745552.
2, 3, 29, 73, 647
List the prime factors of 661982521.
661982521
List the prime factors of 632914545.
3, 5, 211, 311, 643
List the prime factors of 58447519.
13, 1619, 2777
List the prime factors of 531957624.
2, 3, 11, 83, 2207
List the prime factors of 4602467876.
2, 401, 2869369
What are the prime factors of 171190198?
2, 85595099
What are the prime factors of 436730836?
2, 29, 1151, 3271
List the prime factors of 103125307.
23, 4483709
What are the prime factors of 3891220234?
2, 11, 3511, 50377
List the prime factors of 1100530290.
2, 3, 5, 4643, 7901
List the prime factors of 3346275984.
2, 3, 69714083
What are the prime factors of 685474416?
2, 3, 11, 432749
List the prime factors of 112458449.
41, 2742889
What are the prime factors of 2301095075?
5, 317, 290359
What are the prime factors of 567013751?
19, 3089, 9661
List the prime factors of 29716346.
2, 11, 1350743
What are the prime factors of 1220279560?
2, 5, 19, 1605631
What are the prime factors of 1134007826?
2, 7, 2887, 28057
What are the prime factors of 1479599830?
2, 5, 1999, 74017
What are the prime factors of 38054405?
5, 827, 9203
List the prime factors of 580305436.
2, 71, 2043329
List the prime factors of 935700823.
935700823
List the prime factors of 46204845.
3, 5, 397, 7759
What are the prime factors of 88796709?
3, 19, 179, 967
What are the prime factors of 1726981612?
2, 109, 3960967
What are the prime factors of 111788596?
2, 27947149
List the prime factors of 1231033098.
2, 3, 127, 1615529
List the prime factors of 609966197.
609966197
List the prime factors of 35049487.
11, 29, 109873
What are the prime factors of 2503791980?
2, 5, 103, 1215433
List the prime factors of 227490704.
2, 7, 2031167
List the prime factors of 6386356.
2, 17, 19, 4943
What are the prime factors of 103683391?
7, 17, 871289
List the prime factors of 1034696276.
2, 67, 3860807
List the prime factors of 758459019.
3, 401, 630473
What are the prime factors of 523358966?
2, 13, 181, 111211
What are the prime factors of 2482727?
13, 190979
List the prime factors of 204329677.
23, 167, 53197
What are the prime factors of 1397444235?
3, 5, 11, 2